 is the units digit of y?
7
Let o = 35 - 8. Suppose -28*c = -o*c - 4. What is the units digit of c?
4
Let s = -259 + 13. What is the units digit of (3 - 2)/((-6)/s)?
1
Let y(h) = -44*h + 4. Let c be y(-5). Suppose 3*k + 0*k - 5*n - c = 0, -5*k - 3*n = -328. What is the tens digit of k?
6
Let v be ((-117)/6)/((-2)/4). Suppose -m = v - 105. Suppose -m = -4*w + 3*c - c, -5*w + 79 = c. What is the tens digit of w?
1
Let m(b) = 312*b + 641. What is the thousands digit of m(10)?
3
Let s(y) = 3944*y**2 - 8*y + 9. What is the units digit of s(1)?
5
Let s(m) = -m**3 - 4*m**2 + 13*m - 2. Let h be s(-6). Suppose 5*q - 93 = -w, 0 = -5*q + 4*w - 2*w + 84. Let f = q - h. What is the units digit of f?
6
Let q = -178 + 373. Let b be (2 + (-3)/3)*5. Suppose -q = b*k - 10*k. What is the tens digit of k?
3
Suppose -10075 = -680*k + 655*k. What is the hundreds digit of k?
4
Let t be (-1)/((-1)/5*10/8). What is the hundreds digit of 3/(-1)*(t - 82/2)?
1
What is the units digit of (9 + 9)*4/((-8)/(-38))?
2
Let a(l) = 4*l**3 - 2*l**2 + 2*l. Let q be 22/10 + (-3)/15. What is the tens digit of a(q)?
2
Suppose 0 = -5*r + o + 918, 5*o - 87 = -2*r + 291. What is the hundreds digit of r?
1
What is the units digit of ((-26)/(-4))/((-1)/(-54)) - 2?
9
Let c = 307 + -279. What is the units digit of c?
8
Let b(o) = -4*o + 25. Let k be b(-20). Suppose 5*p - k = 4*p. What is the hundreds digit of p?
1
Suppose -s + 108 = 5*s. Let f(o) = -46*o**3 + 1 - o**2 + s*o**3 - 2 - 2*o. What is the tens digit of f(-1)?
2
Let m(w) = -w**2 - 7*w. Suppose 4*a = -2 - 10. Let n be m(a). What is the tens digit of (2 - 23)*(-8)/n?
1
Let u(b) = 2*b**2 - 3 - 10*b**2 + 2*b + 9*b**2. Let z(s) = 4*s - 1. Let m be z(1). What is the tens digit of u(m)?
1
Suppose 794 = -3*w - 718. Let d be w/(-15) - (-9)/(-15). What is the units digit of 4/(-6)*d/(-2)?
1
Suppose -4*w + 1019 = -2413. What is the tens digit of w?
5
Let i = -2047 - -2957. What is the hundreds digit of i?
9
Let c = 124 + -122. Suppose 0 = 3*x - c*l - 154, x - 3*l = -3*x + 204. What is the units digit of x?
4
What is the units digit of (-3668)/21*(-3)/2?
2
Let w(q) = -1 - 3*q**2 + 1 + 4*q**2 + q - 3. What is the units digit of w(3)?
9
Suppose -3*z = 3*y + 117, 1 = y - z + 30. Suppose -4*b - 38 - 4 = -c, b + 4*c = -19. Let d = b - y. What is the tens digit of d?
2
What is the hundreds digit of (10/6 - -1)*(-43761)/(-116)?
0
Let v = -945 - -3468. What is the tens digit of v?
2
Let v(l) be the third derivative of l**6/180 + l**5/120 + l**3/2 + 4*l**2. Let m(r) be the first derivative of v(r). What is the units digit of m(5)?
5
Suppose 1915 + 325 = 8*q. Suppose 19*h - 14*h = q. What is the tens digit of h?
5
Let n(l) = 63*l**2 + 2*l - 2. Suppose -5*a - 6*d = -4*d + 12, 3*a - 2*d = -4. What is the hundreds digit of n(a)?
2
Let w = 9 + -5. Suppose j = -w*j - 45. Let m = 15 + j. What is the units digit of m?
6
Let g(j) = -170*j - 285. What is the tens digit of g(-17)?
0
Let t(u) = -u + 7. Let c be t(3). Suppose -4*v - 6*j = -j + 287, -c*v + 2*j = 266. Let p = 100 + v. What is the tens digit of p?
3
Let r be (2*4 - 2) + 8 + -8. Suppose r*v - 584 = -98. What is the units digit of v?
1
Suppose 0 = -b - 2*f + 44 - 400, 3*f = -3*b - 1062. Suppose -40 = 4*j + 140. What is the units digit of (-6)/j + b/(-60)?
6
Let v = 12 - 50. Let n(a) = -60*a**2 - 3*a + 1. Let x be n(1). Let z = v - x. What is the tens digit of z?
2
Let m(v) = 11*v**2 - 19*v - 56. What is the hundreds digit of m(-10)?
2
Suppose -517*o - 21036 = -523*o. What is the thousands digit of o?
3
Suppose 0*v = -5*v - 215. Let j = v - -61. What is the tens digit of j?
1
Let v be ((-20)/30)/(2/(-30)). Suppose 2*w = -3*w + v. Suppose 4*q = w*q + 136. What is the tens digit of q?
6
Let b be (-7)/((-76)/20 + 4). Let z = b - -81. What is the units digit of z?
6
Let w = -248 - -579. What is the units digit of w?
1
Suppose -78*p = -36*p - 54726. What is the tens digit of p?
0
Let m be 2/(-8) + 41/4. Suppose -m*p = 5*p - 3720. What is the hundreds digit of p?
2
Let b(r) = 85*r**3 - 18*r**2 + 47*r + 7. What is the hundreds digit of b(3)?
2
Let z be 3*4/(-3) + 0. What is the tens digit of 3/6*(z - -70)?
3
Let v(s) = 3 - 2*s**2 + 4*s**3 - 5*s**3 + 7*s + 2*s**3 + 9*s**2. Let x be v(-6). What is the units digit of ((-1540)/(-60))/((-1)/x)?
7
Let a(w) = -23*w - 62. What is the units digit of a(-3)?
7
Suppose 0 = -2*o + 10, -4 = -0*x + 3*x - 2*o. Suppose 0 = -m - 5*f - 10, 13 = -3*m + x*f + 34. What is the units digit of m?
5
Suppose -3*g + 667 = 136. What is the tens digit of g?
7
Let i = -20 + 3. Let x = 24 - i. Let d = -8 + x. What is the units digit of d?
3
Let b = 40 - 28. Suppose b*j = 7*j + 310. What is the units digit of j?
2
Let w(n) = -2*n**2 + 4. Suppose 25 = -0*h - 5*h. Let i be w(h). What is the tens digit of (-3)/(i/40 + 1)?
2
Let o = -44 + -26. Let s = o - -45. Let i = 5 - s. What is the units digit of i?
0
Let d = 1979 - 369. What is the tens digit of d?
1
Let z(j) = 10 + 0 - 5*j + 6 + 0. What is the units digit of z(-17)?
1
Suppose -1029 = -5*y + c, -4*c = -4*y + 1079 - 243. What is the hundreds digit of y?
2
Let o(n) = -n**3 - n**2 + 1358. Let y be o(0). What is the units digit of y/56 + 2/(-8)?
4
Suppose w = 5*l - 2652 - 707, 4*l - 2685 = 3*w. What is the hundreds digit of l?
6
Let w be 110/6 - 8/24. Let j be 7/(14/w) + -4. Let t(u) = 10*u + 1. What is the tens digit of t(j)?
5
Let s(y) = y**2 + 15*y + 72. What is the units digit of s(0)?
2
Suppose 0 = 2*o - u - 4, -o + 2*u + 3 = 4. Suppose 31 + 11 = o*h. What is the units digit of h?
4
Let p(m) = -m**3 - 7*m**2 + 13*m + 6. Suppose -4 = s + 5. What is the units digit of p(s)?
1
Suppose -550 - 1325 = -5*m. What is the tens digit of m?
7
Let o(p) = 4*p + 234. Suppose -19 = 6*r - 19. What is the tens digit of o(r)?
3
Suppose 26 = i - 5*s, -4*s - 4 = -0*i + 2*i. Suppose o = 4*m + i*o - 277, -4*o = 12. What is the tens digit of m?
7
Let o = 0 - 3. Let n be -3 - 5*(2 + o). Suppose 0 = -3*w + 3*i + 78, 3*i + 51 + 4 = n*w. What is the tens digit of w?
2
Let r(l) = 827*l - 82. What is the hundreds digit of r(3)?
3
Let p = -4 + 2. What is the tens digit of 2*40 - (-8)/p?
7
Suppose 10*a = -21*a + 9672. What is the hundreds digit of a?
3
Let y = -345 + 435. What is the tens digit of y?
9
Suppose -n + 5*n + j = 12851, -5*j = -4*n + 12833. What is the units digit of n?
2
Let l = -82 - -178. Suppose -l - 84 = -3*f. What is the units digit of f?
0
Let s(b) = -1415*b + 11. What is the tens digit of s(-1)?
2
Suppose -4*l = -m + 459, 2*l = 5*m + 754 - 3139. What is the tens digit of m?
7
Suppose -4*d + 6*t + 528 = 3*t, 0 = -d + 2*t + 127. What is the units digit of (27/d)/(2/710)?
1
Let b(l) be the first derivative of 25*l**2/2 - 3*l + 4. What is the tens digit of b(1)?
2
Suppose -10 = 2*v + 28. Let n = v + 25. What is the units digit of (-2)/n*(3 + -21)?
6
Let f(u) = -6*u + 7. Let v(k) = k**2 + 7*k + 6. Let z be v(-6). Let x be -5*1 + 0 + z. What is the units digit of f(x)?
7
Let d be (-3 - -5) + -3 + 2. Let o(q) = 2*q**2 + 3*q - 3. Let v be o(d). Suppose -4*f = 3*u - 194, -v*f = -u - 0*f + 58. What is the tens digit of u?
6
Let f = -37 + 18. Let v(c) = 3*c**2 + 4*c - 6. Let q be v(4). Let i = q + f. What is the units digit of i?
9
Let m(k) = -k**3 + 4*k**2 + 5*k + 6. Let x be m(4). Suppose -x*p + 29*p - 81 = 0. What is the tens digit of p?
2
Suppose 0 = -y + 3*y + 22. Let n be 1 - ((-5 - -3) + y). What is the tens digit of (36/(-14))/((-2)/n)?
1
Let i(f) be the second derivative of 5*f**3/2 - 7*f**2 - f. What is the units digit of i(7)?
1
Suppose 0 = 3*w - y + 1 - 12, -5*y - 7 = -3*w. Suppose -2*u + 184 = -2*b, -w*u + u + 2*b = -278. What is the units digit of u?
4
Let p be (6/4)/(12/1296). Suppose -3*v + 0*v - 5*u = 262, 3*u = 2*v + p. Let n = -33 - v. What is the units digit of n?
1
Let h(m) = -m**2 + 4*m - 1. Let o be h(2). What is the units digit of (-1 + o)/(0 - 4/(-2))?
1
Let w(g) = 5*g**3 + 2*g**2 - 3*g + 2. Let i = 8 - 7. Let h be w(i). Suppose c - 126 = -h*c. What is the units digit of c?
8
What is the hundreds digit of 13*6/195 - (-14506)/10?
4
Let w(x) = -x**2 - 9*x + 1. Suppose -2*o + 18 = 8. Let f be -1*11 - (-15)/o. What is the units digit of w(f)?
9
Suppose -4*g - 6 = -14. Suppose b = j - 2, 0 = g*j + 3*j + 3*b - 10. Suppose 2*m - 2*r = -j*m